 - 131510*f - 1335 = 0. Calculate the highest common factor of 267 and f.
89
Let b = 3823 - 2932. What is the highest common divisor of b and 324?
81
Suppose 0 = -98*d + 161*d - 68284 - 48644. What is the highest common divisor of d and 896?
64
Suppose i = -13*b + 14*b - 117, 2*i = -2*b + 226. Let d = -6 - -16. Let u = 13 + d. What is the highest common divisor of u and b?
23
Let y be (-14)/(97/(-460) - (-65)/325). Calculate the highest common divisor of y and 7.
7
Let g(p) = 2*p**2 + 55*p + 264. Let m be g(-6). What is the highest common divisor of 894 and m?
6
Let j be (80/(-5))/(-4)*4360/20. Calculate the greatest common factor of 16 and j.
8
Suppose -4*y - n = -102917, 62*n = 65*n + 21. Calculate the highest common divisor of y and 54.
27
Suppose -97 = -5*g + 93. Let w = -620 + 424. Let z = 253 + w. What is the highest common factor of g and z?
19
Suppose -f - 29*p = -28*p - 12, -36 = -f - 5*p. Calculate the greatest common divisor of f and 42.
6
Let a be (-25 + 26)*(3403 - (2 - 1)). What is the greatest common factor of a and 14?
14
Suppose 74*q - 53694 = 17*q. What is the highest common factor of 30 and q?
6
Let m = 28005 + -27865. Calculate the highest common factor of 520 and m.
20
Suppose 80 = 16*q - 32. Suppose -9*h = -q*h - 76. What is the greatest common factor of 323 and h?
19
Let p = 31397 + -31370. Suppose -2*g - g + 18 = 0. Calculate the greatest common divisor of p and g.
3
Let b(f) be the second derivative of -5*f**3/3 + f**2 - f. Let w be b(-4). Let o = 39025 + -38955. Calculate the highest common factor of o and w.
14
Let c = -560 - -563. Suppose -3*a - 10 = -o + 27, 0 = -c*a - 6. Suppose -5*q + 362 = -723. Calculate the greatest common factor of o and q.
31
Suppose 5*d - 51237 = -4*u, -3*d - u + 11313 = -19425. Calculate the highest common divisor of 60 and d.
15
Let o be (4640/1624)/((-1)/(-7)). What is the highest common factor of 860 and o?
20
Suppose 2*h = l + 25, 2*l + 6 = -4. Suppose 2*a + 4*o = -52, -a = -4*a + 2*o - 54. Let i be ((-12)/a)/(2/h). Calculate the greatest common divisor of 21 and i.
3
Let y = -301 + 589. Let h(a) = -1 - 1 - 1 + 0*a - 5*a. Let q be h(-7). Calculate the greatest common divisor of y and q.
32
Let o = 4937 + -4922. Calculate the greatest common divisor of o and 155.
5
Suppose 2*x = 0, 1240 = 5*j + x + x. Suppose -3 = -5*k - 2*m, -3 = 5*m + 2. Let g be 372/(-36)*k*-3. Calculate the greatest common divisor of j and g.
31
Let j be (32 - 332)*2/(-3). What is the greatest common divisor of 475 and j?
25
Suppose 3*a + 45 = 6*a. Let w = a + -8. Suppose 4*k + 660 = w*k. What is the highest common divisor of 44 and k?
44
Suppose 28*h = -2840 + 10848. Calculate the greatest common divisor of h and 130.
26
Suppose 5*u + 5*x = 1010, u - 227 = 5*x - 61. What is the greatest common divisor of u and 1617?
49
Let t(a) = a**2 - 23*a + 38. Let n be t(20). Let w be n/(-33)*(-3 + 81). What is the greatest common factor of 364 and w?
52
Let v be 101/(-9) + 6/27. Let t = 9 - v. Let w be 16/48*2/4 - (-26910)/540. Calculate the greatest common factor of w and t.
10
Let h(c) = 2*c**2 - 7*c + 10. Let s be h(5). Suppose 2*l + 4 = -4*o, 5*o = -4*l + 21 - 32. Calculate the highest common divisor of s and o.
1
Let j = -3 + 8. Let t(z) = -j + 61*z - 25*z - 32*z. Let c be t(4). Calculate the highest common factor of 1 and c.
1
Let n(k) = -26*k - 1488. Let x be n(-58). Calculate the highest common factor of x and 380.
20
Suppose 18*z - 1571 + 203 = 0. Suppose n + 0*n = 3*o - 403, 5*o = -3*n + 653. Calculate the highest common factor of o and z.
19
Let h(y) = y + 29. Let g be (6/(-1))/(-6 - 96/(-18)). Let s be h(g). Calculate the greatest common divisor of s and 38.
38
Let h be (((-84)/(-8))/(-7))/(3/(-74)). Let k be (-1 + h/(-5))/((-60)/400). What is the greatest common divisor of k and 154?
14
Suppose -51*a + 6 = -48*a. Suppose -334 = -a*r - 304. What is the highest common divisor of 15 and r?
15
Let u = -3137 + 3200. Calculate the greatest common factor of 117 and u.
9
Let u = 266 + -161. Let j = 175 - 173. Let r be 44 - (5/5 - j). Calculate the greatest common divisor of u and r.
15
Let n(s) = -2*s + 80. Let o be n(-31). Suppose -25*v = 17 - o. Calculate the greatest common factor of 3 and v.
1
Suppose -2*u + 26 = 8*k - 3*k, -29 = -3*u - 5*k. Suppose c = -u*z + 285 + 32, -4*c + 1336 = -5*z. What is the greatest common factor of c and 47?
47
Let g(z) = -z**3 + z**2 + 2*z - 5. Let y be g(-2). Suppose v - p = 58, -y*p + 211 = -2*v + 6*v. Calculate the greatest common divisor of v and 22.
11
Suppose -823 - 11328 = -52*v + 8909. Calculate the greatest common divisor of 45 and v.
45
Suppose 29*q - 14841 = -22*q. What is the highest common divisor of 5917 and q?
97
Let s = 583 + -26. Let u = -177 + s. What is the highest common divisor of 30 and u?
10
Suppose 0 = -106*l + 26*l + l + 1817. Calculate the greatest common factor of l and 14214.
23
Let z = -33450 - -34114. What is the highest common factor of 3403 and z?
83
Let x be ((-3008)/(-40))/((-1)/(-5)). Suppose 3*f + 4*b = 121, 0 = -4*b - 42 + 22. Calculate the greatest common divisor of f and x.
47
Let u(f) = 151*f - 1345. Let w be u(15). Calculate the highest common factor of w and 280.
40
Let f be 26/5*(-15)/3. Let r = 56 + f. Let w be 6/15*28575/254. What is the greatest common divisor of w and r?
15
Suppose 0 = -2*y - 2, -4*i + i = -3*y - 15. Suppose -2*f - 28 = -3*f + i*z, 0 = 5*f + 3*z - 71. Calculate the highest common divisor of f and 336.
16
Suppose -207 = -14*m + 87. Suppose -280 = z - m*z. What is the greatest common divisor of 2 and z?
2
Suppose 4 = x + 3*o + 32, -24 = 3*x - 3*o. Let a = 3 + x. Let w be (35/a + 5)/(6/32). What is the greatest common factor of w and 8?
8
Let v be ((-4576)/(-55))/((-42)/(-210)). Let y be ((-1)/(-1))/(-1) - -33. Calculate the greatest common divisor of v and y.
32
Let g be (-34)/(-2) + (-35)/(-7). Let w(a) = -a**2 + 24*a + 7. Let u be w(g). Calculate the highest common factor of 136 and u.
17
Suppose -7674 = -14*h - 3222. Calculate the highest common factor of h and 4293.
159
Let w = 8 - -94. Suppose 11*b + 283 = -w. Let m = b + 43. Calculate the highest common divisor of m and 200.
8
Suppose n = 5*f - 1029, 0 = -3*f - 18*n + 20*n + 616. Calculate the highest common divisor of 8 and f.
2
Let n(c) = -c**3 + 6*c**2 + 27*c - 27. Let o be n(8). Suppose 3*g - o = 5*q, 5*q + 19 = g + 2*q. What is the greatest common factor of g and 66?
22
Let g(s) = 2*s**3 - 7*s**2 - 26*s + 130. Let c be g(5). Calculate the highest common divisor of 24 and c.
3
Let m = -597 + 622. Suppose -b + 26 = -4*x, -5*x - m = 2*b - 3*b. What is the highest common divisor of 555 and b?
15
Let u be -1 + -13 + 7 - (-602 + (-6)/2). What is the greatest common factor of 312 and u?
26
Suppose -2*u = 5*u + 448. Let p = -62 - u. Suppose -a - p*a + 255 = 0. What is the highest common factor of a and 17?
17
Suppose -52*k - 172*k + 616 = -56. Let h be 10/(-15) - 1790/6. Let g be 4/(-18) + h/(-9). What is the highest common factor of k and g?
3
Let b(u) = 26*u - 117. Let v be b(5). Let h(a) = a**3 + 3*a**2 + 2*a. Let d be h(-5). Let j = 112 + d. Calculate the highest common factor of v and j.
13
Suppose 6*d + 74 - 38 = 0. Let u be -1950*(6/(6/(-7)) - d). Calculate the highest common factor of 78 and u.
78
Let b be ((-665203)/3912 + 1/24)/((-2)/6). Calculate the highest common factor of b and 120.
30
Let p(h) = 85*h**2 - 32*h + 67. Let f be p(4). Calculate the highest common factor of 3 and f.
3
Let b(x) = 118*x - 1983. Let s be b(19). What is the greatest common factor of s and 1739?
37
Suppose 3140 + 711 = 412*r - 2329. Let q(s) = s**3 + 7*s**2 - 5*s - 10. Let i be q(-7). What is the greatest common divisor of i and r?
5
Let m(h) = -h**3 - 16*h**2. Let u be m(-16). Suppose -25 = -5*w + 5*a, w - 2*a - 6 + u = 0. Suppose -r = -8 + w. What is the greatest common factor of 4 and r?
4
Let o be 2 - (0 + 2 + 2). Let z = o + 3. Let r = -958 + 962. Calculate the greatest common divisor of r and z.
1
Suppose 803 - 143 = 2*w. Let d be (63/6)/((-3304)/(-9440)). What is the highest common factor of w and d?
30
Let n be (-134532)/(-505)*(100/6)/5. Calculate the greatest common factor of 72 and n.
24
Let r = 8543 - 8439. Calculate the greatest common factor of r and 4.
4
Let q = 3407